(w).
-6
Let b be 0 + (-2)/8 - 13/(-4). Let w be (9/((-225)/10))/(b/(-15)). Suppose -2*a = -2*s + s + w, a - s - 1 = 0. Let m(q) = q**2 + q - 2. Give m(a).
4
Let l be -51 - (2 - (-5 - -3)). Let f = l + 58. Let x(g) = f*g + 2 - g**3 - 2*g**2 + 0 - 4*g - 3. What is x(-2)?
1
Suppose -3*m = -7*y + 2*y - 11, 0 = y + 1. Let w(x) = 29*x + x**m - 10*x + 1 - 30*x. What is w(10)?
-9
Let o(z) be the first derivative of 17*z**2/2 + 51*z + 6016. Determine o(-4).
-17
Let b(f) be the first derivative of -28 + 22*f + 21*f - 4*f**2 - 41*f - 23. Determine b(-2).
18
Suppose 23*l + 38*l - 1403 = 0. Let g(b) = 0 + 1 + l*b + 2 - b**2 + 2 - 10. What is g(23)?
-5
Let z(s) = s**2 + 6*s + 6. Let q be z(-5). Let h(d) = d**2 + d - 1. Let l be h(q). Let u(m) = l - m**2 - 4 - 1 - 5*m + 3*m**2. What is u(4)?
8
Let a be 56*(-2 + 132/21) + 5. Suppose -21*u = 14*u - a. Let t(b) = b - 4. Determine t(u).
3
Suppose -40*h + 359 = -2041. Let t(w) = 6 + 40*w**2 - h*w**2 + 21*w**2 + 2*w. What is t(-3)?
9
Let b(c) = -11*c**2 + 15*c - 8. Let i(g) = -5*g**2 + 8*g - 5. Let y(s) = -4*b(s) + 9*i(s). Determine y(12).
-13
Let f(n) = -4*n**2 + 2*n + 1. Let c(k) = 41*k - 4 - 42*k - 9. Let g be c(-12). Give f(g).
-5
Let t(v) = -5*v**2 - v + 3. Suppose -5*x = -l - 1, -l - x + 10 - 11 = 0. Give t(l).
-1
Let c be ((-2)/12)/(10/(-1500)*5). Let a(i) be the first derivative of -i**3/3 + i**2/2 + 4*i + 13. What is a(c)?
-16
Let y(s) = -2*s - 10. Let l be y(-7). Suppose 11 - 31 = -4*p. Suppose -6*z + p*z = -l. Let n(v) = v - 1. Give n(z).
3
Let f be (10 - 6) + 2/(-2*1). Suppose 3*w + 44 = 4*p, -2*p - f*p = 5*w - 20. Let m(l) = 3*l - 16*l**3 + 4*l**3 + p*l**3 - 1 + 3*l**3. What is m(-3)?
17
Let k(j) be the first derivative of j**3/3 - 117. Let g(i) = i + 2*i**3 + 2*i**3 - i**2 - 5*i**3 + 16*i**2 - 14. Let v be g(15). Give k(v).
1
Let q = -80 + 114. Let w = 42 - q. Let u(n) be the second derivative of n**4/12 - 7*n**3/6 - 3*n**2/2 + 7*n. What is u(w)?
5
Suppose z - 3 = 2. Let v(y) = -y + 8. Let d(b) = -5 - 6 + 3 + 9. Let f(a) = -28*d(a) + 4*v(a). What is f(z)?
-16
Suppose -2*a + 2*k + 56 = 40, -k = 3*a - 8. Let q(r) = 3*r + 5*r - 9 - 6*r. Give q(a).
-1
Let b(x) = 4*x**2 - 12*x + 20. Let s(r) = -3*r**2 + 12*r - 18. Let a(l) = -4*b(l) - 5*s(l). Calculate a(-10).
30
Suppose 8 = -2*l + 3*l. Let m(r) be the first derivative of -r**2/2 - 7*r - 202. Give m(l).
-15
Suppose 0 = -494*n + 481*n - 13. Let t(m) = -3*m**3 - m**3 - 3*m**3. Calculate t(n).
7
Let o(i) = 2*i**2 - 25*i + 35. Let b be o(11). Let j be (b - (-12)/(-8))*16. Let u(w) be the second derivative of w**4/12 - 4*w**3/3 + 6*w. What is u(j)?
0
Let p(n) = -2*n**2 + 16*n - 14. Let f(k) = -k**2 + 8*k - 7. Let j = -3 + 12. Let o(s) = j*f(s) - 4*p(s). Suppose -16*v = 3*v + 75*v - 658. Determine o(v).
0
Suppose 0 = -5*g - 5*m - 60, -2*g - 6*m + 2*m - 34 = 0. Let n(p) = 8*p + 4 + 0*p + 0*p - 7*p. Give n(g).
-3
Let x = -2858 - -2856. Let i(m) = 6*m**2 - 2*m. What is i(x)?
28
Let m(l) = l. Let k(z) = -6*z**2 + 6*z + 1. Let c(s) = -k(s) + 6*m(s). Let b be (16/12)/((-3)/(-9)). Suppose -5*r + b = 9. What is c(r)?
5
Let f(n) = -5*n - 37. Let l(x) = 47*x + 337. Let y(a) = 19*f(a) + 2*l(a). Give y(-12).
-17
Let g(f) = 12*f + 30. Suppose 3*r + 6 = 4*d, -5*d + 3 = 50*r - 53*r. What is g(d)?
-6
Suppose -62*u + 148*u + 100 + 330 = 0. Let w(f) = -9*f - 10. What is w(u)?
35
Let k = -30 + 32. Suppose -k*t = -t. Suppose t = 2*a - 0*a - 8. Let f(r) = r**3 - 4*r**2. Determine f(a).
0
Let q(x) be the third derivative of -x**4/12 + 16*x**3/3 + 13295*x**2. What is q(12)?
8
Let u be (13/26)/(1/6). Suppose 28 = 4*o - u*t, 0*o - t = -o + 8. Let s(n) = -n + 1. Let x(f) = f - 2. Let w(q) = 3*s(q) + x(q). Give w(o).
-7
Let f(i) be the second derivative of -i**4/4 - i**3/6 + 31*i**2/2 - 1058*i. Calculate f(0).
31
Let i(q) = -12*q**3 + q**2 + 23*q + 23. Let x be i(-1). Let a(u) = -u**3 + 14*u**2 - 12*u - 17. Calculate a(x).
-4
Let n(t) = -t**2 - 245*t - 1203. Let l be n(-5). Let z(q) = q**3 + q**2 - 8*q - 7. Calculate z(l).
-1
Let k(s) = -17*s + 6. Let n be k(-10). Suppose 181*d = n*d + 115. Let b(j) = -j + 32 + 2*j - d - 13. Calculate b(8).
4
Let z(u) = -17*u**3 - 33*u**2 - 69*u + 16. Let h(y) = 12*y**3 + 22*y**2 + 48*y - 11. Let s(f) = -7*h(f) - 5*z(f). What is s(-10)?
7
Let u(r) = -210 - r - 159 - 14*r + 7 + 68. Give u(-20).
6
Let h(a) be the first derivative of -a**4/4 + a**3/3 + 3*a**2 - a + 913. Calculate h(-3).
17
Let z(b) = b + 3. Let a = 190 + -178. Suppose -173*u = -169*u - a. Calculate z(u).
6
Let b(j) = -4*j - 17. Let g = 62 + 10. Suppose -9*y + g = 117. Calculate b(y).
3
Suppose 0 = -2*l - w - 0*w + 23, -3*l = -5*w - 54. Let d(s) = -24*s + l*s + 14*s - 11 + 5*s + s**3 - 10*s**2. Calculate d(9).
-20
Let w(b) = b. Let z(k) = -4*k - 4. Let i(f) = 2*w(f) + z(f). Let y be i(-4). Let x(j) = -j**2 + y*j**2 - 1 - 11*j**2 + 2*j. What is x(1)?
-7
Let y(b) = -7*b**2 - 7*b + 12. Let l(k) = -10*k**2 - 11*k + 18. Let m(o) = 5*l(o) - 7*y(o). Let x be m(-6). Suppose g - x = 5. Let i(h) = -h + 16. What is i(g)?
5
Let j(l) = -l**3 + 4*l**2 + 12*l + 3. Let z = 4553 - 4547. What is j(z)?
3
Let s(q) = -q**3 - 5*q**2 + 9*q + 22. Let z be 24/10*(-1125)/450. Calculate s(z).
4
Let o(n) = -15*n**3 - n**2 - 13*n + 8. Let c(d) be the first derivative of 0*d**3 + 3*d**2 + 7/4*d**4 - 7 - 4*d. Let v(j) = 13*c(j) + 6*o(j). What is v(6)?
-4
Suppose -4*x = 5*h + 134 - 14, x - 7*h - 3 = 0. Let f(n) = 2*n**3 + 51*n**2 + 26*n + 36. What is f(x)?
11
Let j(v) = -3*v**2 + 2. Suppose 10 = -5*t - 0. Let c be j(t). Let o be 4*(-3 + 4/c*-5). Let l(x) = x + 5. Give l(o).
1
Let n be (0 + -15)*80/100. Let y(k) = 5*k + 58. What is y(n)?
-2
Let l(u) = u**3 - 2*u**2 + u. Let p(t) = 5*t**3 - 13*t**2 + 7*t + 6. Let v = -8 + 7. Let a(c) = v*p(c) + 6*l(c). Calculate a(0).
-6
Let y(u) = 6*u**2 - 10*u - 13. Let n(k) = k**2 - k - 1. Let a = 17 - 13. Suppose 0 = 4*m - 0 - a, -4*t = 3*m - 23. Let z(p) = t*n(p) - y(p). Calculate z(6).
2
Let v be (-12)/(-30) + 84/(-210). Let o(t) be the third derivative of 5/24*t**4 - 1/2*t**3 + 0 + 28*t**2 + 1/120*t**6 - 7/60*t**5 + v*t. Calculate o(6).
-9
Let z(u) = 1 + 5 + 12*u**3 + 18*u**3 - 29*u**3 - 3*u**2 - 5*u. Give z(5).
31
Let d(l) = l**3 - 6*l**2 - 9*l + 12. Let s(x) = -23*x + 1226. Let h be s(53). Calculate d(h).
-2
Let h(z) = -7 - 4*z - 8*z - 39 - 3*z + 41. Determine h(-3).
40
Let j(r) = 3*r**2 + 14*r - 166. Let z(v) = 44*v**2 + 208*v - 2447. Let f(n) = -59*j(n) + 4*z(n). Let k = 11 - 5. What is f(k)?
6
Let x be -7 - (1 - 3 - -2). Let q(u) = 6*u - 269 - u**3 - 3 - 6*u**2 + 276. Determine q(x).
11
Let m(k) = 23*k**3 + 292*k**2 + 3*k + 106. Let y(w) = -16*w**3 - 194*w**2 - 2*w - 70. Let s(b) = 5*m(b) + 7*y(b). Determine s(-34).
6
Suppose -20*g - 8 = -48. Let v(r) = -6 - 5*r**2 + r**2 + g*r**2 - 34*r + 39*r. Determine v(5).
-31
Let l(a) = -3*a**2 + 8*a - 19. Let d(f) = 11*f + 15. Let v be d(-2). Let c(s) = -4*s**2 + 12*s - 28. Let t(j) = v*l(j) + 5*c(j). Determine t(-6).
5
Let c(y) = y**2 - 5*y - 11. Suppose -121 - 179 = -178*w + 768. What is c(w)?
-5
Let u(i) = -i - 12. Let s = -101 - -117. Suppose -6*h + 40 = -s*h. Let o be 84/(-16) - h/16. Calculate u(o).
-7
Let v(w) be the first derivative of -w**3/3 + 14*w**2 + 288*w - 509. What is v(-8)?
0
Let a be (1/4)/((-300)/(-200) - 9/10). Let n(z) be the second derivative of -6*z + 1/20*z**5 + a*z**4 - 1/2*z**2 - 7/6*z**3 + 0. Calculate n(-6).
5
Let t = 315 + -151. Let c = t + -88. Let a = 72 - c. Let b(w) = 2*w + 6. Calculate b(a).
-2
Let q(k) = -k**3 + 15*k**2 - 61*k + 36. Let r(b) = -b**3 + 16*b**2 - 73*b + 35. Let f(h) = -5*q(h) + 4*r(h). What is f(10)?
-10
Let i = 42264 + -42264. Let y(a) be the first derivative of a**3/3 + a**2/2 + 12*a + 2. Calculate y(i).
12
Let v(d) = -3*d**2 - 36*d + 22. Let n be v(-17). Let k = n + 242. Let y(x) = -x**3 + 10*x**2 - 10*x + 5. What is y(k)?
-4
Suppose 47 = 15*v + 2. Let d(q) = -5*q**2 + 7*q**2 - q - v*q**2. Let s = 6 + -4. Give d(s).
-6
Let i(q) be the first derivative of -q**4/4 + 5*q**3/3 + 29*q**2/2 + 7*q - 2305. Calculate i(9).
-56
Let y(n) be the second derivative of -135 - 1/6*n**3 - 11/2*n**2 - 2*n. What is y(0)?
-11
Suppose -c - 18 = -5*s - 43, 4*s = 2*c - 26. Let n(g) = -2*g + 7. Let j(m) = -m + 1. Let z(d) = 6*j(d) - n(d). What is z(s)?
15
Let s(d) = -2*d**3 + 2*d**2 - d. Let a = -145 - -15